Let b be -3*(0 - (4 - -2)). Suppose -5*m + 572 + b = 0. Suppose m = -2*o + 4*o. What is the tens digit of o?
5
Let d(z) = z**3 - z**2 + 2*z + 10. Let q be d(5). Suppose -4*b + 2*j + 254 = 0, 3*b + 2*j = q + 88. What is the units digit of b?
6
Suppose -3*l + 0*l = -210. Let t = l - 6. What is the tens digit of t?
6
Suppose 70*i - 156 = 67*i. Let o = i + -39. What is the units digit of o?
3
What is the tens digit of 486 - (0/4 + 0)?
8
Suppose 226 + 394 = 4*i. Suppose -z - 3*k + 12 = 2*z, -z - 3*k + 2 = 0. Suppose 3*w = -z*x + 159, -6*x - 5*w + i = -x. What is the tens digit of x?
3
Let y(c) = c**2 - 11*c + 2. Let j be y(10). Let f be (-12)/j*2/3. What is the tens digit of 0 + (f - -1) - -17?
1
Let i(f) = -f**3 + 21*f**2 + 35*f + 11. What is the hundreds digit of i(22)?
2
Suppose 0 = 2*y - 3*z - 2913 + 267, 2*y - z = 2646. What is the tens digit of y?
2
Let m = 0 + -42. Let z = -1 - -4. What is the units digit of -4*(z + m/8)?
9
Let q be (4/(-9))/(-1) + 4232/(-207). Suppose 2 + 9 = -k. Let b = k - q. What is the units digit of b?
9
Let i(p) = -p**3 - 8*p**2 - 3*p - 13. Let b(o) = -o - 1. Let l(y) = 3*b(y) - i(y). What is the units digit of l(-7)?
9
Suppose 4000 = 6*a + 1198. Let y = 682 - a. What is the tens digit of y?
1
Let m = -52 + -9. Let z = m + 84. What is the tens digit of z?
2
Let s(y) be the third derivative of -y**5/30 - 4*y**4/3 + 19*y**3/6 - 40*y**2. What is the tens digit of s(-11)?
2
Let x = -39 - -53. Suppose 0 = -x*n + 9*n + 20. What is the units digit of n?
4
What is the units digit of (-3438)/(-4)*66/99?
3
Suppose -80*f + 82*f - 940 = 0. What is the tens digit of f?
7
Suppose -5*t = -2*b - 1329, 2*t + 2*b = -3*t + 1341. What is the tens digit of t?
6
Let h(t) = -1487*t**3 + t**2 - 2*t - 5. What is the hundreds digit of h(-1)?
4
Suppose -3*g + 6*g + 2*r = 7, 4*r = -5*g + 11. What is the units digit of (9/2)/(g/64)?
6
What is the units digit of (-2)/((2/85)/((-176)/220))?
8
Let b(l) = -216*l + 1. What is the units digit of b(-3)?
9
Suppose -11*z + 12*z = 1106. What is the tens digit of z?
0
Let k be 16*6 - (-2 - 1). Let a = k + -61. What is the tens digit of a?
3
Suppose v = -4*v + 2935. Suppose d = -d + 8, 3*r - d = v. What is the tens digit of r?
9
Let p(o) = o**3 - 6*o**2 - 5*o + 1. Let l be p(7). Let u = l - 11. Suppose -4*y = -2*d - 60, u*y = d + 68 - 6. What is the units digit of y?
6
Suppose -7*k = -5*k - 4*b - 3116, -b = 4*k - 6187. What is the units digit of k?
8
Let t = 10 + -6. Suppose 0 = u + b - 6, -6*b = -5*u - t*b + 2. Suppose u*f - 1 = 7. What is the units digit of f?
4
Suppose -39*r + 93084 = 3033. What is the tens digit of r?
0
Suppose 9*j = 7*j + 2*a + 1038, -3*j + 1529 = 4*a. What is the hundreds digit of j?
5
Suppose -5*v + 3 = -2. Let q(z) = 5*z**3 - z**2 - z + 2. What is the units digit of q(v)?
5
Suppose -w - w + 3504 = -4*v, 5*v = 0. What is the units digit of w?
2
Suppose 1455 - 371 = 2*m. What is the units digit of m?
2
Let a(v) be the second derivative of 1/12*v**4 - 9*v - 3/2*v**2 - 1/6*v**3 + 0. What is the units digit of a(3)?
3
Let j(t) = t - 10. Let d be j(10). Suppose 5*l - 373 - 257 = d. Suppose -5*k + l + 89 = 0. What is the units digit of k?
3
Let q(y) = 3*y - 1. Let u be q(9). Let v = 42 + u. What is the units digit of v?
8
Let j(m) = 7*m**3 - 9*m**2 - 29*m. Let w(c) = c**3. Let i(p) = j(p) - 6*w(p). What is the units digit of i(12)?
4
Let b(i) = i**2 + i + 11. Let y be b(0). Let h = 12 - y. What is the units digit of 48/h - (8 + -10)?
0
Suppose g + v = 128, g + 3*v - v = 127. What is the units digit of g?
9
Let t = 2693 - 1449. What is the units digit of t?
4
Suppose 0 = -10*c + 34 - 4. Suppose -2*w + c*r + 358 - 106 = 0, -2*r = 3*w - 365. What is the units digit of w?
3
Let g(q) = 3 - 19*q + 3 + 4 + 3. Let v be g(6). Let i = v + 149. What is the tens digit of i?
4
Let m be 2 - (4 + -8 - -2). What is the tens digit of (-12)/m*(0 + -23)?
6
Let m(n) be the third derivative of n**4/6 - 19*n**3/6 - 30*n**2. What is the tens digit of m(12)?
2
Suppose i = -4*k - 679 + 5571, 0 = -5*k + 3*i + 6098. What is the thousands digit of k?
1
Let m(y) be the second derivative of -2*y**2 + 4/3*y**3 + 0 + 5*y. What is the tens digit of m(2)?
1
Let w(r) = -r**2 + 24*r - 22. What is the tens digit of w(7)?
9
What is the tens digit of ((-43)/(-172))/(0 - 2/(-1016))?
2
Let f(v) = 7*v - 17. Let r = 27 + -18. What is the tens digit of f(r)?
4
Suppose 0 = -s + 3*r - 22, -2*s + 7*s + 3*r = -128. Let m = 336 + -291. Let y = s + m. What is the tens digit of y?
2
Suppose -47 = -0*u - u - 3*g, -55 = -u - g. Let a = -20 + u. What is the tens digit of a?
3
Let b(a) = -a + 18. Let x be 292/(-10) + 2/(10 - 0). What is the tens digit of b(x)?
4
Let b be 2*8/2 - 2. Let a = 10 - b. Suppose 0 = 2*l - 10 + a. What is the units digit of l?
3
What is the thousands digit of 1946/49*(32 + -4)?
1
Suppose -64 = 4*m + 3*u - u, -4*u = 0. Let t = m + 28. What is the units digit of t?
2
Suppose 5*c = 25*f - 27*f + 221, -f = 4*c - 103. What is the units digit of f?
3
Let v(w) = -w**2 - 9*w - 2. Let u be v(-8). Let g(o) = 3*o**2 - 5*o**3 - 7 + 4*o**3 + 2*o + 8 + u. What is the units digit of g(3)?
3
What is the thousands digit of 12812/(-2 - -1)*2/(-8)?
3
Let g be -3 - (-1 + 2/2). Let w be -3 + -1 - (-6)/g. Let j(u) = -4*u - 5. What is the units digit of j(w)?
9
Let k = 1112 + -744. Suppose -36 + k = 4*d. What is the tens digit of d?
8
Let s(x) = 4*x**3 + 4*x**2 + 17*x - 25. What is the tens digit of s(6)?
8
What is the hundreds digit of ((-12)/(-30)*10)/(-1) + 470?
4
Let m(l) = l**3 + 12*l**2 - 9*l - 62. What is the tens digit of m(-8)?
6
Let h(i) = -192*i + 23. Let c be h(-10). Suppose -5*m + c = 443. What is the tens digit of m?
0
Let l(w) = w**3 - w**2 + 4*w + 7. Let k be l(5). Suppose -k = -2*f - 3*t, 3*t - 195 = 3*f - 6*f. What is the units digit of f?
8
Let x(r) = -52*r - 89. What is the hundreds digit of x(-17)?
7
Let z(g) = -10*g**3 + 4*g**2 + 27*g + 185. What is the tens digit of z(-8)?
4
Suppose 22*q - 21*q + 2 = 0. Suppose -4*a - 11 = 25. What is the tens digit of (6/q)/(a/42)?
1
Let b = 19 - -7. Let v = 13 - b. Let r = v + 18. What is the units digit of r?
5
Suppose w = 2*r + 82, 4*r - 220 = -5*w + 232. What is the units digit of w?
8
Suppose 4*q - 12 - 16 = 0. Let j = q + -7. What is the units digit of 8 + 1 - 1 - j?
8
Let b = -53 - -53. Suppose b*m - 59 = -m. What is the units digit of m?
9
Suppose -5*p = -p - 12. Let s be p - (-469 - 6/3). What is the units digit of s/39 + (-2)/13?
2
Suppose 3*z = -3*x + 9, 0 = 3*z - 3*x + 4*x - 11. Suppose 0 = 3*v + 2*v. Suppose v = 4*b + 3*p - 0*p - 13, z*b - 5*p + 11 = 0. What is the units digit of b?
1
Let i(n) = 62*n - 105. What is the hundreds digit of i(6)?
2
Let b = 4 + -2. Let i(t) = -b - 5*t**2 + 2*t - 5*t**2 - t**3 + 6*t**2. What is the tens digit of i(-5)?
1
Let q(c) = -3*c**2 - 8*c + 10. Let v be q(5). Let d = -50 - v. What is the tens digit of d?
5
Suppose -2*w + 6*w - 342 = -y, 2*w + 4*y - 178 = 0. What is the tens digit of w?
8
Let n = 1301 + -776. What is the tens digit of n?
2
Let x = -227 + 322. Let j be ((-2)/(-4))/((-1)/(-10)). Suppose 0*a - j*a = -x. What is the tens digit of a?
1
Let s = -46 - -43. Let q(n) = -2*n**3 + n - 7. What is the tens digit of q(s)?
4
Let m(h) = h**2 - 17*h + 12. Let j be m(13). Let l = 2 - 0. What is the units digit of l/(-10) - 88/j?
2
Suppose 21*c + 2343 = 8853. What is the units digit of c?
0
Suppose 0 = -2*z - 0 + 4. Suppose -27 = q - z. What is the units digit of q/(-10)*(-8)/(-10)?
2
What is the units digit of (404/1 - (-1 + 4)) + 1?
2
Let k be (-5)/(-35) + 922/14. Let o = -43 + k. What is the units digit of o?
3
Suppose -11*f - f - 48 = 0. What is the tens digit of (-100)/(-12)*(0 - f - 1)?
2
Let l = 1104 + -215. What is the units digit of l?
9
What is the units digit of 297/2 + 1/2?
9
Suppose 2 + 0 = j. Suppose -3*k + 17 = -j*h, h = 5*h + 4. Suppose 2*b = -5*o + 5, 3*b - k*o - 65 = -2*b. What is the tens digit of b?
1
Let l be ((0/(-3))/(-1))/(-1). Let r be l + (-3)/(-1) + -1. What is the units digit of (r - 4) + 3 + 5?
6
Let c(l) = 229*l**2 + 7*l - 6. What is the tens digit of c(2)?
2
Let p = -74 + 77. Suppose h + 0*h + 5*i = 100, p*i = -2*h + 172. What is the tens digit of h?
8
Let u(p) = -p**3 - 13*p**2 - 10*p - 27. What is the h